the highest common divisor of 3613299 and 2754.
51
What is the greatest common divisor of 18987 and 159?
3
What is the greatest common factor of 272533 and 72?
1
What is the highest common factor of 3172 and 258115156?
3172
Calculate the highest common divisor of 41 and 899658244.
41
Calculate the highest common divisor of 126542475 and 2125.
425
What is the highest common factor of 65 and 2011018360?
65
Calculate the greatest common factor of 12365 and 1780.
5
What is the highest common divisor of 302 and 1756406179?
151
Calculate the greatest common divisor of 125244 and 8347612.
1988
What is the greatest common factor of 330 and 1097195?
55
What is the greatest common divisor of 162984 and 2976?
24
What is the greatest common factor of 516555 and 9123156?
7947
Calculate the highest common factor of 11849715 and 1926.
963
What is the highest common factor of 126200481 and 16011?
1779
Calculate the greatest common factor of 508250830 and 4244.
2122
Calculate the highest common divisor of 110 and 133635920.
110
Calculate the highest common factor of 48 and 7284036.
12
What is the greatest common factor of 29053 and 17207921?
1709
Calculate the greatest common factor of 31476224 and 104.
104
Calculate the highest common factor of 1499312 and 97608.
664
Calculate the highest common factor of 192 and 649020144.
48
Calculate the highest common divisor of 3128 and 2992323.
391
Calculate the highest common divisor of 331 and 27075469.
331
What is the greatest common divisor of 2936 and 927304?
8
What is the highest common factor of 11376 and 93176?
8
Calculate the highest common divisor of 108071 and 13376609.
1613
Calculate the highest common divisor of 27041220 and 459.
153
What is the greatest common factor of 14580 and 24615?
45
Calculate the highest common factor of 8288 and 84168.
56
What is the greatest common factor of 614 and 447063531?
307
Calculate the greatest common factor of 137394 and 4942143.
4041
Calculate the highest common factor of 11032751 and 1322.
661
What is the highest common divisor of 48525286 and 2546?
134
Calculate the highest common factor of 56744311 and 351.
13
Calculate the highest common factor of 1770 and 1397415.
885
What is the highest common divisor of 45232 and 1744?
16
What is the greatest common factor of 1663024 and 48?
16
Calculate the highest common factor of 297436 and 610.
122
Calculate the greatest common factor of 2291 and 15273623.
79
Calculate the greatest common factor of 2285 and 316100045.
2285
What is the highest common divisor of 789 and 202046331?
789
Calculate the greatest common divisor of 2775190 and 1870.
110
Calculate the highest common factor of 45873 and 6009.
3
What is the greatest common factor of 99727442 and 30358?
706
Calculate the highest common factor of 108243254 and 2436.
406
What is the highest common factor of 94955 and 280?
35
What is the greatest common factor of 5134 and 499769230?
5134
Calculate the greatest common factor of 2 and 724447.
1
What is the greatest common divisor of 14884156 and 112322?
994
What is the highest common factor of 339196 and 80652?
572
Calculate the greatest common divisor of 456 and 1206696.
24
Calculate the highest common divisor of 11698479 and 234.
117
What is the greatest common divisor of 17109645 and 1974?
987
What is the highest common divisor of 244347 and 742320?
3093
What is the highest common factor of 132520188 and 108?
12
What is the highest common divisor of 121566592 and 224?
224
What is the highest common divisor of 71355753 and 36330?
3633
Calculate the greatest common divisor of 1841 and 215495.
7
Calculate the greatest common factor of 124 and 9363674.
62
Calculate the greatest common divisor of 6716 and 82005718.
3358
What is the highest common factor of 130997 and 101303?
101
Calculate the greatest common factor of 338935 and 122784.
1279
What is the highest common factor of 40 and 47703896?
8
Calculate the highest common factor of 715876 and 4884.
148
What is the greatest common factor of 323 and 3759856?
17
What is the greatest common factor of 20450 and 300800?
50
What is the greatest common factor of 32 and 624294568?
8
Calculate the greatest common factor of 30 and 29568390.
30
Calculate the highest common divisor of 136 and 11688367.
17
What is the greatest common divisor of 2028 and 752739?
39
Calculate the greatest common factor of 131 and 6002813.
131
Calculate the highest common factor of 60468 and 324.
12
What is the highest common factor of 1146752 and 9672?
248
Calculate the highest common divisor of 69422 and 100631.
103
Calculate the highest common divisor of 84366 and 4255452.
774
Calculate the greatest common factor of 7 and 506511320.
7
Calculate the highest common factor of 8227785 and 9.
3
Calculate the greatest common factor of 76502 and 4044054.
2638
What is the highest common divisor of 502875 and 4023?
4023
What is the greatest common divisor of 1567209 and 222?
111
Calculate the greatest common divisor of 6840229 and 113.
113
What is the highest common factor of 11555194 and 5166?
574
Calculate the greatest common factor of 742 and 1280482.
14
Calculate the highest common divisor of 1357 and 7732186.
1357
Calculate the highest common factor of 348 and 68229663.
87
What is the highest common factor of 203 and 630314507?
29
Calculate the greatest common factor of 1754995 and 255.
85
What is the greatest common factor of 7049361 and 5225?
209
What is the highest common divisor of 47798473 and 20322?
1129
Calculate the greatest common factor of 114 and 17019250.
38
What is the greatest common divisor of 21 and 4808412?
21
What is the greatest common divisor of 342 and 89846649?
171
Calculate the highest common factor of 375389 and 3478.
47
What is the highest common factor of 5067 and 2445177123?
5067
Calculate the greatest common divisor of 85 and 1685006.
17
Calculate the highest common factor of 6534717 and 42.
21
What is the greatest common divisor of 3828 and 3226047?
957
Calculate the highest common divisor of 55 and 2695715.
55
What is the greatest common divisor of 3361172 and 8?
4
What is the greatest common divisor of 76121660 and 4?
4
Calculate the highest common divisor of 331011536 and 48.
16
Calculate the highest common divisor of 1903560 and 4785.
435
Calculate the highest common divisor of 3028 and 86158712.
3028
What is the greatest common divisor of 10 and 15058120?
10
What is the highest common factor of 32483902 and 1210?
242
What is the highest common factor of 66 and 10540156?
22
What is the highest common divisor of 1350910 and 1210?
110
What is the greatest common factor of 3303 and 256900?
367
What is the greatest common factor of 1651 and 466173058?
1651
What is the highest common divisor of 110357255 and 3305?
3305
Calculate the greatest common divisor of 2101356 and 200880.
108
What is the highest common divisor of 24651 and 52954?
913
Calculate the greatest common factor of 1751598 and 6444.
18
What is the highest common factor of 1122 and 582478446?
1122
What is the greatest common divisor of 4040 and 5787256?
8
Calculate the greatest common divisor of 5284603 and 17.
17
What is the highest common divisor of 8676 and 43934300?
964
Calculate the greatest common factor of 269477537 and 21.
7
What is the greatest common factor of 10978 and 4058846?
22
Calculate the highest common factor of 42 and 7883358.
42
What is the highest common factor of 97213441 and 15699?
5233
Calculate the highest common divisor of 1435839 and 8289.
921
What is the highest common divisor of 907264 and 52717?
443
What is the greatest common factor of 2468281 and 68?
17
Calculate the greatest common divisor of 374100 and 2210844.
348
What is the highest common divisor of 12829390 and 134470?
1190
Calculate the greatest common factor of 350160 and 1176.
24
Calculate the highest common divisor of 2453877996 and 8724.
8724
What is the greatest common divisor of 280 and 3414160?
40
Calculate the highest common divisor of 11380368 and 1200.
48
Calculate the highest common factor of 667022 and 56669.
929
What is the highest common divisor of 842280 and 26652?
12
Calculate the greatest common divisor of 63963 and 115299.
207
Calculate the greatest common divisor of 91134 and 119022.
498
Calculate the great